{"id":17,"date":"2025-04-19T11:07:58","date_gmt":"2025-04-19T11:07:58","guid":{"rendered":"http:\/\/wolala.local\/?page_id=17"},"modified":"2025-09-23T10:21:04","modified_gmt":"2025-09-23T10:21:04","slug":"committees","status":"publish","type":"page","link":"https:\/\/wolala.nytud.hu\/2025\/committees\/","title":{"rendered":"Committees"},"content":{"rendered":"\n<div class=\"wp-block-group alignwide has-global-padding is-content-justification-left is-layout-constrained wp-container-core-group-is-layout-04d632e2 wp-block-group-is-layout-constrained\">\n<h4 class=\"wp-block-heading\">Advisory Board<br><\/h4>\n\n\n\n<ul class=\"wp-block-list\">\n<li><strong>G\u00e1bor Pr\u00f3sz\u00e9ky, ELTE Research Centre for Linguistics &amp; P\u00e1zm\u00e1ny P\u00e9ter Catholic University (chair)<\/strong><\/li>\n\n\n\n<li>Ant\u00f3nio Branco, University of Lisbon, Portugal<\/li>\n\n\n\n<li>Eva Haji\u010dov\u00e1, Charles University Prague, Czech Republic<\/li>\n\n\n\n<li>Erhard Hinrichs, University of Tubingen, Germany<\/li>\n\n\n\n<li>Andr\u00e1s Kornai, HUN-REN Institute for Computer Science and Control, Hungary<\/li>\n\n\n\n<li>Csaba Pl\u00e9h, Central European University, Austria<\/li>\n\n\n\n<li>Paul Rayson, Lancaster University, United Kingdom<\/li>\n\n\n\n<li>Fr\u00e9d\u00e9rique Segond, National Institute for Research in Digital Science and Technology, France<\/li>\n\n\n\n<li>Frieda Steurs, Dutch Language Institute, Belgium<\/li>\n\n\n\n<li>Marko Tadi\u0107, University of Zagreb, Croatia<\/li>\n\n\n\n<li>Dan Tufi\u0219, Romanian Academy, Romania<\/li>\n\n\n\n<li>Hans Uszkoreit, German Research Center for Artificial Intelligence, Germany<\/li>\n\n\n\n<li>Tam\u00e1s V\u00e1radi, ELTE Research Centre for Linguistics, Hungary<\/li>\n\n\n\n<li>Martin Wynne, University of Oxford, United Kingdom<\/li>\n<\/ul>\n\n\n\n<h4 class=\"wp-block-heading\">Program Committee<\/h4>\n\n\n\n<ul class=\"wp-block-list\">\n<li><strong>G\u00e1bor Pr\u00f3sz\u00e9ky, ELTE Research Centre for Linguistics &amp; P\u00e1zm\u00e1ny P\u00e9ter Catholic University (chair)<\/strong><\/li>\n\n\n\n<li>Zsolt Alm\u00e1si, P\u00e1zm\u00e1ny P\u00e9ter Catholic University, Hungary<\/li>\n\n\n\n<li>Verginica Barbu Mititelu, Research Institute for Artificial Intelligence, Romanian Academy, Romania<\/li>\n\n\n\n<li>G\u00e1bor Berend, University of Szeged, Hungary<\/li>\n\n\n\n<li>Dan Cristea, Alexandru Ioan Cuza University of Iasi, Romania<\/li>\n\n\n\n<li>A. Seza Do\u011fru\u00f6z, University of Ghent, Belgium<\/li>\n\n\n\n<li>Kata G\u00e1bor, INALCO, France<\/li>\n\n\n\n<li>Eva Haji\u010dov\u00e1, Charles University Prague, Czech Republic<\/li>\n\n\n\n<li>Erhard Hinrichs, University of Tubingen, Germany<\/li>\n\n\n\n<li>L\u00e1szl\u00f3 Hunyadi, ELTE Research Centre for Linguistics, Hungary<\/li>\n\n\n\n<li>Elena Irimia, Research Institute for Artificial Intelligence, Romanian Academy, Romania<\/li>\n\n\n\n<li>\u00c1gnes Kalivoda, ELTE Research Centre for Linguistics, Hungary<\/li>\n\n\n\n<li>Svetla Koeva, Institute for Bulgarian Language, Bulgarian Academy of Sciences, Bulgaria<\/li>\n\n\n\n<li>Bence Koll\u00e1nyi, HUN-REN Centre for Social Sciences<\/li>\n\n\n\n<li>J\u00e1nos L\u00e1szl\u00f3 Laki, memoQ, Hungary<\/li>\n\n\n\n<li>Veronika Lipp, ELTE Research Centre for Linguistics, Hungary<\/li>\n\n\n\n<li>Katalin M\u00e1dy, ELTE Research Centre for Linguistics, Hungary<\/li>\n\n\n\n<li>P\u00e9ter Mihajlik, Budapest University of Technology and Economics, Hungary<\/li>\n\n\n\n<li>Attila Nov\u00e1k, P\u00e1zm\u00e1ny P\u00e9ter Catholic University, Hungary<\/li>\n\n\n\n<li>Petya Osenova, Sofia University \u201dSt. Kl. Ohridski\u201d, Bulgaria<\/li>\n\n\n\n<li>Csaba Pl\u00e9h, Central European University, Austria<\/li>\n\n\n\n<li>Paul Rayson, Lancaster University, United Kingdom<\/li>\n\n\n\n<li>Andrea Rem\u00e9nyi, P\u00e1zm\u00e1ny P\u00e9ter Catholic University, Hungary<\/li>\n\n\n\n<li>Mikl\u00f3s Seb\u0151k, HUN-REN Centre for Social Sciences<\/li>\n\n\n\n<li>Fr\u00e9d\u00e9rique Segond, National Institute for Research in Digital Science and Technology, France<\/li>\n\n\n\n<li>R\u00e9ka S\u00f3lyom, K\u00e1roli G\u00e1sp\u00e1r University of the Reformed Church in Hungary, Hungary<\/li>\n\n\n\n<li>Frieda Steurs, Dutch Language Institute, Belgium<\/li>\n\n\n\n<li>Marko Tadi\u0107, University of Zagreb, Croatia<\/li>\n\n\n\n<li>Dan Tufi\u0219, Romanian Academy, Romania<\/li>\n\n\n\n<li>Hans Uszkoreit, German Research Center for Artificial Intelligence, Germany<\/li>\n\n\n\n<li>Vincent Vandeghinste, Dutch Language Institute \/\/ Centre for Computational Linguistics, University of Leuven, Belgium<\/li>\n\n\n\n<li>Tam\u00e1s V\u00e1radi, ELTE Research Centre for Linguistics, Hungary<\/li>\n\n\n\n<li>Martin Wynne, University of Oxford, United Kingdom<\/li>\n\n\n\n<li>Zijian Gy\u0151z\u0151 Yang, ELTE Research Centre for Linguistics, Hungary<\/li>\n<\/ul>\n\n\n\n<h4 class=\"wp-block-heading\">Local Organizing Committee:<br><\/h4>\n\n\n\n<ul class=\"wp-block-list\">\n<li><strong>No\u00e9mi Ligeti-Nagy, ELTE Research Centre for Linguistics (chair)<\/strong><\/li>\n\n\n\n<li>\u00c1gnes B\u00e1nfi, ELTE Research Centre for Linguistics<\/li>\n\n\n\n<li>R\u00e9ka Dod\u00e9, ELTE Research Centre for Linguistics<\/li>\n\n\n\n<li>Enik\u0151 H\u00e9ja, ELTE Research Centre for Linguistics<\/li>\n\n\n\n<li>Mariann Lengyel, ELTE Research Centre for Linguistics<\/li>\n<\/ul>\n<\/div>\n","protected":false},"excerpt":{"rendered":"<p>Advisory Board Program Committee Local Organizing Committee:<\/p>\n","protected":false},"author":1,"featured_media":0,"parent":0,"menu_order":0,"comment_status":"closed","ping_status":"closed","template":"","meta":{"footnotes":""},"class_list":["post-17","page","type-page","status-publish","hentry"],"_links":{"self":[{"href":"https:\/\/wolala.nytud.hu\/2025\/wp-json\/wp\/v2\/pages\/17","targetHints":{"allow":["GET"]}}],"collection":[{"href":"https:\/\/wolala.nytud.hu\/2025\/wp-json\/wp\/v2\/pages"}],"about":[{"href":"https:\/\/wolala.nytud.hu\/2025\/wp-json\/wp\/v2\/types\/page"}],"author":[{"embeddable":true,"href":"https:\/\/wolala.nytud.hu\/2025\/wp-json\/wp\/v2\/users\/1"}],"replies":[{"embeddable":true,"href":"https:\/\/wolala.nytud.hu\/2025\/wp-json\/wp\/v2\/comments?post=17"}],"version-history":[{"count":27,"href":"https:\/\/wolala.nytud.hu\/2025\/wp-json\/wp\/v2\/pages\/17\/revisions"}],"predecessor-version":[{"id":647,"href":"https:\/\/wolala.nytud.hu\/2025\/wp-json\/wp\/v2\/pages\/17\/revisions\/647"}],"wp:attachment":[{"href":"https:\/\/wolala.nytud.hu\/2025\/wp-json\/wp\/v2\/media?parent=17"}],"curies":[{"name":"wp","href":"https:\/\/api.w.org\/{rel}","templated":true}]}}