{"id":451,"date":"2025-09-08T11:40:46","date_gmt":"2025-09-08T11:40:46","guid":{"rendered":"https:\/\/wolala.nytud.hu\/?page_id=451"},"modified":"2025-10-30T12:05:03","modified_gmt":"2025-10-30T12:05:03","slug":"keynote-speakers","status":"publish","type":"page","link":"https:\/\/wolala.nytud.hu\/2025\/keynote-speakers\/","title":{"rendered":"Keynote speakers"},"content":{"rendered":"\n<div class=\"wp-block-group alignwide has-global-padding is-content-justification-left is-layout-constrained wp-container-core-group-is-layout-12dd3699 wp-block-group-is-layout-constrained\">\n<h3 class=\"wp-block-heading alignfull\">Keynote Speakers<br><br><\/h3>\n\n\n\n<div class=\"wp-block-columns alignwide has-small-font-size is-layout-flex wp-container-core-columns-is-layout-f798d21e wp-block-columns-is-layout-flex\" style=\"margin-top:0;margin-bottom:0\">\n<div class=\"wp-block-column is-vertically-aligned-top is-layout-flow wp-container-core-column-is-layout-1396dd20 wp-block-column-is-layout-flow\" style=\"padding-top:0;padding-right:0;padding-bottom:0;padding-left:0;flex-basis:30%\">\n<figure class=\"wp-block-image size-medium\" style=\"margin-top:7px;margin-right:0;margin-bottom:7px;margin-left:0\"><img loading=\"lazy\" decoding=\"async\" width=\"269\" height=\"300\" src=\"https:\/\/wolala.nytud.hu\/wp-content\/uploads\/2025\/09\/photo_EH-269x300.jpeg\" alt=\"\" class=\"wp-image-510\" srcset=\"https:\/\/wolala.nytud.hu\/2025\/wp-content\/uploads\/2025\/09\/photo_EH-269x300.jpeg 269w, https:\/\/wolala.nytud.hu\/2025\/wp-content\/uploads\/2025\/09\/photo_EH-920x1024.jpeg 920w, https:\/\/wolala.nytud.hu\/2025\/wp-content\/uploads\/2025\/09\/photo_EH-768x855.jpeg 768w, https:\/\/wolala.nytud.hu\/2025\/wp-content\/uploads\/2025\/09\/photo_EH.jpeg 1156w\" sizes=\"auto, (max-width: 269px) 100vw, 269px\" \/><\/figure>\n<\/div>\n\n\n\n<div class=\"wp-block-column is-layout-flow wp-container-core-column-is-layout-f016c79b wp-block-column-is-layout-flow\" style=\"padding-top:0;padding-right:0;padding-bottom:0;padding-left:0;flex-basis:100%\">\n<p class=\"has-medium-font-size\" style=\"margin-right:var(--wp--preset--spacing--20);margin-left:var(--wp--preset--spacing--20)\"><strong>Erhard Hinrichs<\/strong> is Senior professor of General and Computational Linguistics at the University of T\u00fcbingen, Germany. His previous positions include Research Fellow, Beckman Institute for Advanced Science and Technology and Assistant Professor, University of Illinois, Urbana-Champaign; Research Scientist, Artificial Intelligence Department, Bolt Beranek and Newman Laboratories, Cambridge, Mass; Senior Scientist at the Leibniz Institute for the German Language in Mannheim.&nbsp; He is an Honorary Lifetime Member of the Linguistic Society of America, an Honorary Member of the Foundation of Logic, Language, and Information, and the recipient of a Medal of Merit from the Bulgarian Academy of Sciences. He has served as scientific director of several research infrastructure initiatives for language research data at the national level, including CLARIN-D, CLARIAH-DE and Text+ (<a href=\"https:\/\/text-plus.org\/\" target=\"_blank\" rel=\"noreferrer noopener\">text-plus.org<\/a>).&nbsp; He has also been a member of the Executive Board of the ESFRI-Initiative CLARIN. His research interests include the computational modelling of language (particularly of morphology, syntax, and semantics) and of language variation with special emphasis on the use of machine learning approaches. His current research focuses on the use of large language models for natural language processing of German.<br><\/p>\n<\/div>\n<\/div>\n\n\n\n<div class=\"wp-block-columns alignfull has-small-font-size is-layout-flex wp-container-core-columns-is-layout-f798d21e wp-block-columns-is-layout-flex\" style=\"margin-top:0;margin-bottom:0\">\n<div class=\"wp-block-column is-vertically-aligned-top is-layout-flow wp-container-core-column-is-layout-1396dd20 wp-block-column-is-layout-flow\" style=\"padding-top:0;padding-right:0;padding-bottom:0;padding-left:0;flex-basis:30%\">\n<figure class=\"wp-block-image size-medium\" style=\"margin-top:20px;margin-right:0;margin-bottom:20px;margin-left:0\"><img loading=\"lazy\" decoding=\"async\" width=\"271\" height=\"300\" src=\"https:\/\/wolala.nytud.hu\/wp-content\/uploads\/2025\/09\/fotoAL-1-271x300.jpeg\" alt=\"\" class=\"wp-image-530\" srcset=\"https:\/\/wolala.nytud.hu\/2025\/wp-content\/uploads\/2025\/09\/fotoAL-1-271x300.jpeg 271w, https:\/\/wolala.nytud.hu\/2025\/wp-content\/uploads\/2025\/09\/fotoAL-1-924x1024.jpeg 924w, https:\/\/wolala.nytud.hu\/2025\/wp-content\/uploads\/2025\/09\/fotoAL-1-768x851.jpeg 768w, https:\/\/wolala.nytud.hu\/2025\/wp-content\/uploads\/2025\/09\/fotoAL-1-1385x1536.jpeg 1385w, https:\/\/wolala.nytud.hu\/2025\/wp-content\/uploads\/2025\/09\/fotoAL-1-1847x2048.jpeg 1847w\" sizes=\"auto, (max-width: 271px) 100vw, 271px\" \/><\/figure>\n<\/div>\n\n\n\n<div class=\"wp-block-column is-layout-flow wp-container-core-column-is-layout-f016c79b wp-block-column-is-layout-flow\" style=\"padding-top:0;padding-right:0;padding-bottom:0;padding-left:0;flex-basis:100%\">\n<p class=\"has-medium-font-size\" style=\"margin-top:var(--wp--preset--spacing--10);margin-right:var(--wp--preset--spacing--20);margin-bottom:var(--wp--preset--spacing--10);margin-left:var(--wp--preset--spacing--20)\"><strong>Alessandro Lenci<\/strong>, PhD, is a Full Professor of Linguistics at the University of Pisa and director of the Computational Linguistics Laboratory (CoLingLab) within the Department of Philology, Literature, and Linguistics. He has published extensively in the fields of Natural Language Processing (NLP) and cognitive science. His primary research interests include distributional semantics and its applications to linguistic and cognitive studies, computational lexical semantics, computational models of verb argument structure, as well as tools and resources for NLP. In 2020, he received the \u201c10-Year Test-of-Time Award\u201d from the Association for Computational Linguistics. Author of over 250 publications in leading national and international journals and conference proceedings, he also published the volume Distributional Semantics (Cambridge University Press, 2023) in the Studies in Natural Language Processing series. Since 2022, he has been listed among Stanford University\u2019s \u201cWorld\u2019s Top 2% Scientists.<br><\/p>\n<\/div>\n<\/div>\n\n\n\n<div class=\"wp-block-columns alignfull is-layout-flex wp-container-core-columns-is-layout-28f84493 wp-block-columns-is-layout-flex\">\n<div class=\"wp-block-column is-layout-flow wp-block-column-is-layout-flow\" style=\"padding-top:0;padding-right:0;padding-bottom:0;padding-left:0;flex-basis:30%\">\n<figure class=\"wp-block-image alignleft size-large has-custom-border\" style=\"margin-top:20px;margin-bottom:20px\"><img loading=\"lazy\" decoding=\"async\" width=\"847\" height=\"1024\" src=\"https:\/\/wolala.nytud.hu\/wp-content\/uploads\/2025\/09\/Andras-Kornai2-847x1024.jpg\" alt=\"\" class=\"wp-image-614\" style=\"border-style:none;border-width:0px\" srcset=\"https:\/\/wolala.nytud.hu\/2025\/wp-content\/uploads\/2025\/09\/Andras-Kornai2-847x1024.jpg 847w, https:\/\/wolala.nytud.hu\/2025\/wp-content\/uploads\/2025\/09\/Andras-Kornai2-248x300.jpg 248w, https:\/\/wolala.nytud.hu\/2025\/wp-content\/uploads\/2025\/09\/Andras-Kornai2-768x929.jpg 768w, https:\/\/wolala.nytud.hu\/2025\/wp-content\/uploads\/2025\/09\/Andras-Kornai2.jpg 1200w\" sizes=\"auto, (max-width: 847px) 100vw, 847px\" \/><\/figure>\n<\/div>\n\n\n\n<div class=\"wp-block-column is-layout-flow wp-block-column-is-layout-flow\" style=\"flex-basis:100%\">\n<p class=\"has-medium-font-size\" style=\"margin-top:var(--wp--preset--spacing--10);margin-right:var(--wp--preset--spacing--10);margin-bottom:var(--wp--preset--spacing--10);margin-left:var(--wp--preset--spacing--10)\"><strong>Andr\u00e1s Kornai<\/strong> is senior scientific advisor at the HUN-REN Institute for Computer Science and Control and professor at the Department of Algebra and Geometry, Budapest University of Technology and Economics. He earned his mathematics degree in 1983 from&nbsp;<a href=\"http:\/\/www.math.elte.hu\/\" target=\"_blank\" rel=\"noreferrer noopener\">E\u00f6tv\u00f6s Lor\u00e1nd University, Budapest&nbsp;<\/a>where his advisor was&nbsp;<a href=\"https:\/\/en.wikipedia.org\/wiki\/Miklos_Ajtai\" target=\"_blank\" rel=\"noreferrer noopener\">Mikl\u00f3s Ajtai<\/a>. He earned his linguistics degree in 1991 from&nbsp;<a href=\"http:\/\/linguistics.stanford.edu\/\" target=\"_blank\" rel=\"noreferrer noopener\">Stanford University<\/a>, where his advisor was&nbsp;<a href=\"http:\/\/www.stanford.edu\/~kiparsky\" target=\"_blank\" rel=\"noreferrer noopener\">Paul Kiparsky<\/a>. His research interests include all mathematical aspects of natural language processing, speech recognition, and OCR. His webpage is at&nbsp;<a href=\"https:\/\/kornai.com\/\" target=\"_blank\" rel=\"noreferrer noopener\">https:\/\/kornai.com<\/a>, that of his students at&nbsp;<a href=\"https:\/\/hlt.bme.hu\/\" target=\"_blank\" rel=\"noreferrer noopener\">https:\/\/hlt.bme.hu<\/a>.<\/p>\n<\/div>\n<\/div>\n<\/div>\n","protected":false},"excerpt":{"rendered":"<p>Keynote Speakers Erhard Hinrichs is Senior professor of General and Computational Linguistics at the University of T\u00fcbingen, Germany. His previous positions include Research Fellow, Beckman Institute for Advanced Science and Technology and Assistant Professor, University of Illinois, Urbana-Champaign; Research Scientist, Artificial Intelligence Department, Bolt Beranek and Newman Laboratories, Cambridge, Mass; Senior Scientist at the Leibniz [&hellip;]<\/p>\n","protected":false},"author":1,"featured_media":0,"parent":0,"menu_order":0,"comment_status":"closed","ping_status":"closed","template":"","meta":{"footnotes":""},"class_list":["post-451","page","type-page","status-publish","hentry"],"_links":{"self":[{"href":"https:\/\/wolala.nytud.hu\/2025\/wp-json\/wp\/v2\/pages\/451","targetHints":{"allow":["GET"]}}],"collection":[{"href":"https:\/\/wolala.nytud.hu\/2025\/wp-json\/wp\/v2\/pages"}],"about":[{"href":"https:\/\/wolala.nytud.hu\/2025\/wp-json\/wp\/v2\/types\/page"}],"author":[{"embeddable":true,"href":"https:\/\/wolala.nytud.hu\/2025\/wp-json\/wp\/v2\/users\/1"}],"replies":[{"embeddable":true,"href":"https:\/\/wolala.nytud.hu\/2025\/wp-json\/wp\/v2\/comments?post=451"}],"version-history":[{"count":121,"href":"https:\/\/wolala.nytud.hu\/2025\/wp-json\/wp\/v2\/pages\/451\/revisions"}],"predecessor-version":[{"id":776,"href":"https:\/\/wolala.nytud.hu\/2025\/wp-json\/wp\/v2\/pages\/451\/revisions\/776"}],"wp:attachment":[{"href":"https:\/\/wolala.nytud.hu\/2025\/wp-json\/wp\/v2\/media?parent=451"}],"curies":[{"name":"wp","href":"https:\/\/api.w.org\/{rel}","templated":true}]}}

<div class="wp-block-group alignwide has-global-padding is-content-justification-left is-layout-constrained wp-container-core-group-is-layout-12dd3699 wp-block-group-is-layout-constrained">
<h3 class="wp-block-heading alignfull">Keynote Speakers<br><br></h3>



<div class="wp-block-columns alignwide has-small-font-size is-layout-flex wp-container-core-columns-is-layout-f798d21e wp-block-columns-is-layout-flex" style="margin-top:0;margin-bottom:0">
<div class="wp-block-column is-vertically-aligned-top is-layout-flow wp-container-core-column-is-layout-1396dd20 wp-block-column-is-layout-flow" style="padding-top:0;padding-right:0;padding-bottom:0;padding-left:0;flex-basis:30%">
<figure class="wp-block-image size-medium" style="margin-top:7px;margin-right:0;margin-bottom:7px;margin-left:0"><img loading="lazy" decoding="async" width="269" height="300" src="https://wolala.nytud.hu/wp-content/uploads/2025/09/photo_EH-269x300.jpeg" alt="" class="wp-image-510" srcset="https://wolala.nytud.hu/2025/wp-content/uploads/2025/09/photo_EH-269x300.jpeg 269w, https://wolala.nytud.hu/2025/wp-content/uploads/2025/09/photo_EH-920x1024.jpeg 920w, https://wolala.nytud.hu/2025/wp-content/uploads/2025/09/photo_EH-768x855.jpeg 768w, https://wolala.nytud.hu/2025/wp-content/uploads/2025/09/photo_EH.jpeg 1156w" sizes="auto, (max-width: 269px) 100vw, 269px" /></figure>
</div>



<div class="wp-block-column is-layout-flow wp-container-core-column-is-layout-f016c79b wp-block-column-is-layout-flow" style="padding-top:0;padding-right:0;padding-bottom:0;padding-left:0;flex-basis:100%">
<p class="has-medium-font-size" style="margin-right:var(--wp--preset--spacing--20);margin-left:var(--wp--preset--spacing--20)"><strong>Erhard Hinrichs</strong> is Senior professor of General and Computational Linguistics at the University of Tübingen, Germany. His previous positions include Research Fellow, Beckman Institute for Advanced Science and Technology and Assistant Professor, University of Illinois, Urbana-Champaign; Research Scientist, Artificial Intelligence Department, Bolt Beranek and Newman Laboratories, Cambridge, Mass; Senior Scientist at the Leibniz Institute for the German Language in Mannheim.&nbsp; He is an Honorary Lifetime Member of the Linguistic Society of America, an Honorary Member of the Foundation of Logic, Language, and Information, and the recipient of a Medal of Merit from the Bulgarian Academy of Sciences. He has served as scientific director of several research infrastructure initiatives for language research data at the national level, including CLARIN-D, CLARIAH-DE and Text+ (<a href="https://text-plus.org/" target="_blank" rel="noreferrer noopener">text-plus.org</a>).&nbsp; He has also been a member of the Executive Board of the ESFRI-Initiative CLARIN. His research interests include the computational modelling of language (particularly of morphology, syntax, and semantics) and of language variation with special emphasis on the use of machine learning approaches. His current research focuses on the use of large language models for natural language processing of German.<br></p>
</div>
</div>



<div class="wp-block-columns alignfull has-small-font-size is-layout-flex wp-container-core-columns-is-layout-f798d21e wp-block-columns-is-layout-flex" style="margin-top:0;margin-bottom:0">
<div class="wp-block-column is-vertically-aligned-top is-layout-flow wp-container-core-column-is-layout-1396dd20 wp-block-column-is-layout-flow" style="padding-top:0;padding-right:0;padding-bottom:0;padding-left:0;flex-basis:30%">
<figure class="wp-block-image size-medium" style="margin-top:20px;margin-right:0;margin-bottom:20px;margin-left:0"><img loading="lazy" decoding="async" width="271" height="300" src="https://wolala.nytud.hu/wp-content/uploads/2025/09/fotoAL-1-271x300.jpeg" alt="" class="wp-image-530" srcset="https://wolala.nytud.hu/2025/wp-content/uploads/2025/09/fotoAL-1-271x300.jpeg 271w, https://wolala.nytud.hu/2025/wp-content/uploads/2025/09/fotoAL-1-924x1024.jpeg 924w, https://wolala.nytud.hu/2025/wp-content/uploads/2025/09/fotoAL-1-768x851.jpeg 768w, https://wolala.nytud.hu/2025/wp-content/uploads/2025/09/fotoAL-1-1385x1536.jpeg 1385w, https://wolala.nytud.hu/2025/wp-content/uploads/2025/09/fotoAL-1-1847x2048.jpeg 1847w" sizes="auto, (max-width: 271px) 100vw, 271px" /></figure>
</div>



<div class="wp-block-column is-layout-flow wp-container-core-column-is-layout-f016c79b wp-block-column-is-layout-flow" style="padding-top:0;padding-right:0;padding-bottom:0;padding-left:0;flex-basis:100%">
<p class="has-medium-font-size" style="margin-top:var(--wp--preset--spacing--10);margin-right:var(--wp--preset--spacing--20);margin-bottom:var(--wp--preset--spacing--10);margin-left:var(--wp--preset--spacing--20)"><strong>Alessandro Lenci</strong>, PhD, is a Full Professor of Linguistics at the University of Pisa and director of the Computational Linguistics Laboratory (CoLingLab) within the Department of Philology, Literature, and Linguistics. He has published extensively in the fields of Natural Language Processing (NLP) and cognitive science. His primary research interests include distributional semantics and its applications to linguistic and cognitive studies, computational lexical semantics, computational models of verb argument structure, as well as tools and resources for NLP. In 2020, he received the “10-Year Test-of-Time Award” from the Association for Computational Linguistics. Author of over 250 publications in leading national and international journals and conference proceedings, he also published the volume Distributional Semantics (Cambridge University Press, 2023) in the Studies in Natural Language Processing series. Since 2022, he has been listed among Stanford University’s “World’s Top 2% Scientists.<br></p>
</div>
</div>



<div class="wp-block-columns alignfull is-layout-flex wp-container-core-columns-is-layout-28f84493 wp-block-columns-is-layout-flex">
<div class="wp-block-column is-layout-flow wp-block-column-is-layout-flow" style="padding-top:0;padding-right:0;padding-bottom:0;padding-left:0;flex-basis:30%">
<figure class="wp-block-image alignleft size-large has-custom-border" style="margin-top:20px;margin-bottom:20px"><img loading="lazy" decoding="async" width="847" height="1024" src="https://wolala.nytud.hu/wp-content/uploads/2025/09/Andras-Kornai2-847x1024.jpg" alt="" class="wp-image-614" style="border-style:none;border-width:0px" srcset="https://wolala.nytud.hu/2025/wp-content/uploads/2025/09/Andras-Kornai2-847x1024.jpg 847w, https://wolala.nytud.hu/2025/wp-content/uploads/2025/09/Andras-Kornai2-248x300.jpg 248w, https://wolala.nytud.hu/2025/wp-content/uploads/2025/09/Andras-Kornai2-768x929.jpg 768w, https://wolala.nytud.hu/2025/wp-content/uploads/2025/09/Andras-Kornai2.jpg 1200w" sizes="auto, (max-width: 847px) 100vw, 847px" /></figure>
</div>



<div class="wp-block-column is-layout-flow wp-block-column-is-layout-flow" style="flex-basis:100%">
<p class="has-medium-font-size" style="margin-top:var(--wp--preset--spacing--10);margin-right:var(--wp--preset--spacing--10);margin-bottom:var(--wp--preset--spacing--10);margin-left:var(--wp--preset--spacing--10)"><strong>András Kornai</strong> is senior scientific advisor at the HUN-REN Institute for Computer Science and Control and professor at the Department of Algebra and Geometry, Budapest University of Technology and Economics. He earned his mathematics degree in 1983 from&nbsp;<a href="http://www.math.elte.hu/" target="_blank" rel="noreferrer noopener">Eötvös Loránd University, Budapest&nbsp;</a>where his advisor was&nbsp;<a href="https://en.wikipedia.org/wiki/Miklos_Ajtai" target="_blank" rel="noreferrer noopener">Miklós Ajtai</a>. He earned his linguistics degree in 1991 from&nbsp;<a href="http://linguistics.stanford.edu/" target="_blank" rel="noreferrer noopener">Stanford University</a>, where his advisor was&nbsp;<a href="http://www.stanford.edu/~kiparsky" target="_blank" rel="noreferrer noopener">Paul Kiparsky</a>. His research interests include all mathematical aspects of natural language processing, speech recognition, and OCR. His webpage is at&nbsp;<a href="https://kornai.com/" target="_blank" rel="noreferrer noopener">https://kornai.com</a>, that of his students at&nbsp;<a href="https://hlt.bme.hu/" target="_blank" rel="noreferrer noopener">https://hlt.bme.hu</a>.</p>
</div>
</div>
</div>

<p>Keynote Speakers Erhard Hinrichs is Senior professor of General and Computational Linguistics at the University of Tübingen, Germany. His previous positions include Research Fellow, Beckman Institute for Advanced Science and Technology and Assistant Professor, University of Illinois, Urbana-Champaign; Research Scientist, Artificial Intelligence Department, Bolt Beranek and Newman Laboratories, Cambridge, Mass; Senior Scientist at the Leibniz [&hellip;]</p>
